 (9 - 5).
4
3 - -1 - ((3 - -7) + -4)
-2
-4 - (2 + -3 - 8)
5
Calculate 4 - (-22 + 27 + (4 - -1)).
-6
What is the value of -4 + 0 + (6 - (-7 + 9))?
0
Calculate -4 - (6 + -8) - 3.
-5
-1 - (-5 + (-3 - -8))
-1
What is -6 - ((-4 - 4) + 5)?
-3
What is the value of 4 - ((0 - -4) + 1)?
-1
Evaluate (42 - 45) + (6 - 1).
2
What is the value of -4 - ((-2 - 3) + -4)?
5
(5 - -1 - 7 - 2) + 4
1
What is (15 - 2) + -8 - 6?
-1
Evaluate 6 - 0 - (2 + (-13 - -20)).
-3
Evaluate -17 - -5 - (1 + (-4 - 5)).
-4
Evaluate -4 + (7 - (6 - 5)) + -7.
-5
What is the value of 0 + (-1 - -5) + (-3 - -2)?
3
Calculate 1 + 2 - (-1 - (-2 + -2)).
0
Evaluate (-34 - (-11 - 3)) + 12.
-8
9 + -16 + 3 + 1
-3
Calculate -2 + (8 - 10) + -1.
-5
Calculate -2 - -3 - (-14 + 10) - -1.
6
Calculate 7 - (9 - (-6 + 12)).
4
What is the value of 3 + (-2 - (-5 + 4)) - 3?
-1
What is -13 - (-1 + -7) - (-9 + 2)?
2
(0 - -1) + -3 + -18 + 19
-1
Calculate 6 + 1 + 2 + -4.
5
Evaluate (74 - 66) + -1 + -7 + 10.
10
Calculate 3 - 11 - (-6 - 7).
5
What is (-8 + 3 - -3) + 4 - 0?
2
4 + -6 + (6 - (4 + 2))
-2
Evaluate -2 - 3 - (11 - 13).
-3
(9 - 3) + 5 + -7
4
Evaluate 7 - (-6 - (-12 + 3)).
4
What is (13 - 0) + -18 + 1 + -1?
-5
What is -2 + 1 + 5 + (-2 - 7)?
-5
Evaluate (-2 - (0 + 3)) + 1 + 0.
-4
Evaluate 2 - 6 - -1 - -3.
0
Calculate 1 + 3 + 1 + -4.
1
What is the value of -1 + -2 + (2 + -3 - -1)?
-3
-85 - -86 - (0 + 0 + -2)
3
What is the value of 6 + -7 + -13 + 7?
-7
What is -1 + (-1 - (-2 + 2) - -3)?
1
Evaluate -2 + 5 + (1 - 4).
0
Calculate 5 + -3 + -3 + -5.
-6
(0 - (-6 - -4)) + 0 - 5
-3
(-4 - -4 - 2) + 1
-1
1 - 0 - (-32 + 32)
1
What is the value of -6 - (-4 - (-1 + -1))?
-4
Evaluate (-7 - -4) + 4 + -2.
-1
16 - 20 - (0 - (-1 + 2))
-3
Evaluate -6 + 0 - -3 - -3.
0
What is -17 - -16 - -6 - (3 - -2)?
0
What is the value of 0 + -2 + 2 + -3 - 0?
-3
Evaluate -1 + (-5 - -2) + -2 + 2.
-4
Evaluate 0 + 4 + -10 + 4 + 1.
-1
Evaluate (-17 - -16) + (1 - 4).
-4
What is the value of (-2 - -1) + (6 - 0)?
5
-1 - 11 - (-18 + 0)
6
What is the value of (4 - 1 - 1) + 0 + -5?
-3
8 + (7 - 6 - (0 + 3))
6
What is the value of -3 + 5 + -3 + 5?
4
-5 + -1 + 2 + 9 + -2
3
Evaluate -8 + (0 + -6 - -25) - 3.
8
1 + (-1 - 4) - -3 - -3
2
Calculate (2 - 8) + -2 + (9 - 5).
-4
Evaluate -7 + -1 - (-10 - 0).
2
Calculate -12 + (-1 - 1) + 12.
-2
What is the value of 1 + -3 + -2 + 4 + 1?
1
Evaluate 1 + (1 - 4) + 0.
-2
Calculate (10 - 3) + 8 + (7 - 16).
6
Evaluate (0 - -8) + -26 + 21.
3
0 + (-3 - -3) - -2
2
-10 + 11 - (-1 - -1)
1
12 - ((-4 - -15) + -1)
2
Evaluate -4 - (6 + -8) - 4.
-6
What is the value of 13 + -3 + (1 - (9 + -3))?
5
What is the value of -12 - (4 - (3 + (0 - -5)))?
-8
Calculate -2 - 0 - (-131 + 135).
-6
Calculate -7 - 1 - (-20 + (16 - 11)).
7
Evaluate -1 + (-1 - -1) + (-2 - 0).
-3
Calculate 0 - (3 + -2) - -5.
4
Calculate -9 - -20 - (-1 - -8).
4
Calculate (1 + -6 - (-1 + -2)) + -1.
-3
Evaluate -4 - -1 - (-2 - 7 - -7).
-1
Evaluate -7 - (11 + (-4 - 0) + -11).
-3
Calculate -14 - -20 - (3 - -8).
-5
What is the value of -8 - -13 - (2 - 0 - -2)?
1
Evaluate -4 + 2 + (20 - 23).
-5
Evaluate 9 + (-7 - (-7 - -10)).
-1
What is the value of (2 - -2) + (0 - (-1 - -5))?
0
What is -48 + 49 + (1 - -2)?
4
What is 5 - (3 - 8 - -4)?
6
Calculate 2 + (1 - 2 - -4 - 4).
1
(6 - 19) + 4 + -2 - -4
-7
Calculate (0 - (1 - 0)) + 5 + -4.
0
Evaluate 2 + 3 + (0 - (1 + 5)).
-1
What is the value of -2 - 1 - (16 - 10 - 7)?
-2
10 + -11 + -4 + (-2 - -4)
-3
What is -8 + -1 + 6 - (-2 - 6)?
5
25 + -40 + (16 - 0)
1
What is (-6 - -10) + -1 + -3?
0
Evaluate -9 + 12 + (-7 - -4).
0
Calculate -5 - (-2 + (-1 - 6)).
4
What is the value of 0 - ((-3 - 1) + 4 - -4)?
-4
Evaluate 1 - 2 - (-2 + 0).
1
What is the value of 3 + -5 + 2 + -1?
-1
Calculate -5 + 16 + -2 + -17.
-8
Calculate 4 + -8 - 0 - (1 - 1).
-4
What is the value of 0 + (3 - 6) + -1 + -2?
-6
What is the value of -3 - ((-1 - -3) + -6 + 1)?
0
Calculate 0 + (-1 - (-2 - (2 - 3))).
0
Calculate -11 - (3 + -4) - -10.
0
-1 - 5 - (-5 - (9 - 11))
-3
Calculate -6 + (-1 - 3) + (-18 - -24).
-4
What is the value of (9 - 1) + 157 + -154?
11
What is -1 + (5 - (0 - -2))?
2
(-10 - 0) + 7 + 2
-1
(0 - 10) + (120 - 114)
-4
9 - (15 + -8 + 4)
-2
Evaluate (1 - (-4 - -1) - -1) + -4.
1
Calculate (-4 - (7 + -10)) + -3.
-4
What is 5 + 2 + 1 + (-1 - 5)?
2
-1 + 3 + (1 - -2 - 0)
5
0 - -1 - (18 - 20)
3
Calculate 0 + -4 + 4 + 3 + 1.
4
(1 - 2 - 1) + 5 + 1
4
Calculate 9 - (-2 - -8 - 4 - -2).
5
Evaluate -13 + 12 - (-5 - -6).
-2
Evaluate (-4 - 0) + 3 - -5.
4
Calculate (3 + -3 - 4) + (0 - 0).
-4
What is 6 + 15 + -8 + -11?
2
Calculate (0 - 4) + -239 + 243.
0
Evaluate (0 - 2) + -1 + 5 + 3.
5
Evaluate 2 - (3 - 1 - 0).
0
4 - 3 - (0 - (3 + -8))
-4
Calculate 1 - -3 - (6 + 9 - 9).
-2
What is (2 + -11 - -16) + -13?
-6
-18 + 10 - -7 - (-1 - -3)
-3
What is 11 - 2 - (9 - 2)?
2
Evaluate (-2 - -6) + (2 - 3).
3
What is the value of 1 + -6 - (-1 - 3)?
-1
What is the value of (-1 - (-4 + 1)) + 25 + -23?
4
Calculate 23 + -25 - (0 - 3).
1
13 + -2 + 5 + -9 - 12
-5
What is 5 - -2 - (6 + 2 + -4)?
3
Evaluate 6 - (11 + -6) - -8.
9
What is -32 - -23 - (-8 + 0)?
-1
What is 0 - (2 - 5 - (-4 - -6))?
5
What is 2 - (7 + (6 - (3 - -5)))?
-3
0 - (1 + -1 + 2 + 1)
-3
-7 - -2 - (3 - 7)
-1
-4 - ((1 - 1) + -1)
-3
What is the value of (-7 - (-26 + 15)) + 1?
5
Evaluate -15 + 2 - (10 + -14).
-9
What is 3 + -25 + 29 + (-1 - 1)?
5
Calculate -3 - (0 + (-4 - (-3 - -3))).
1
What is the value of -3 + 6 + 3 + -3?
3
Calculate -1 - (-5 + -1 - -1).
4
What is the value of -11 + 3 + 1 - -1?
-6
1 - (6 - 1) - (-15 - -4)
7
What is -3 - -5 - (2 - -2)?
-2
What is the value of (-21 - -13) + 2 + 8?
2
Calculate (4 - -1) + -1 + 0.
4
Evaluate 0 + -4 + 0 - (4 + -12).
4
1 + -5 + 3 + 3
2
What is the value of -2 + (3 - (-2 + (1 - 2)))?
4
Evaluate (1 - 0) + (-14 - -2) + 12.
1
Evaluate 17 + -10 + -1 + -2.
4
-1 + (3 + -3 + 2 - -2)
3
What is the value of 15 + -10 - -5 - 6?
4
Calculate -42 + 44 - ((-2 - -1) + 8).
-5
Evaluate 4 - (-6 + -1 - -13).
-2
What is the value of -2 - (9 + (-1 - 7))?
-3
What is (-1 - -2) + 0 + 2 + -5?
-2
What is -2 + 5 + 2 + 0?
5
Evaluate (9 - 0) + (-35 - -29).
3
Calculate (5 + -10 - -19) + -14.
0
What is the value of 25 - 12 - (14 + -5)?
4
Calculate 0 + 2 + (3 - 6).
-1
Calculate 6 - (1 + 4 + 0 - 2).
3
Calculate 0 + -1 + (8 - 1).
6
What is the value of -8 + (-1 - -25) + -6 + -7?
3
-8 + (4 - 0) + 0
-4
What is the value of (5 - (5 - -2)) + (-1 - -5)?
2
Calculate -3 + 7 - (9 + -8).
3
What is the value of 3 + (6 + 1 - (49 + -48))?
9
What is -3 + 11 + -2 + (32 - 30)?
8
What is the value of -2 - (2 - (0 + 2)) - 1?
-3
Evaluate -13 + 2 - (-3 + -2).
-6
What is (52 - 50) + 1 + -2 + 1?
2
Evaluate 2 - (5 + (-7 + 6 - 1)).
-1
What is the value of 2 - (8 + (-12 - -6))?
0
What is the value of 2 - (-5 + 18 + (-3 - -1))?
-9
3 - (2 + (-7 + 4 - 2))
6
Evaluate -9 + 12 + (4 - 6).
1
Calculate -1 + 1 + 1 + -5.
-4
Evaluate -5 + 3 - ((-2 - 5) + 12).
-7
Evaluate 11 + -10 + -1 + -5.
-5
What is (-7 - (-1 - 10) - 2) + 1?
3
What is -1 + -5 + 3 - 5?
-8
Evaluate (0 - -3) + (4 + -13 - -3).
-3
Calculate 4 + 2 + (2 - (8 - 4)).
4
Evaluate (1 - -3) + (-18 - -9).
-5
What is the value of 4 + (-2 - -4 - -1) + -3?
4
Evaluate (-1 - -10 - 4) + -9.
-4
Evaluate 11 + (-6 - 2) + -4 + 1.
0
5 + 7 + -6 - 3
3
What is -7 - 1 - (5 - 39 - -17)?
9
Calculate 1 - -6 - (2 - -11).
-6
(-2 - (-12 + 0)) + -6 + 3
7
What is 1 - (5 - (0 - 1)) - -9?
4
Calculate -11 + -6 + 4 + 8.
-5
What is the value of 4 + 8 + -8 - 8?
-4
What is 0 - (1 + -6 + 0)?
5
Evaluate 1 + -1 + (-4 - (1 - 4)).
-1
Evaluate (0 - 2) + (-2 - (1 + -4)).
-1
Calculate 3 + -8 + 6 + -1.
0
Evaluate -14 + (12 + -6 - 3).
-11
What is (-1 + 4 - 2) + 1 - 0?
2
What is -5 + 0 - (-4 - -5 - 2)?
-4
What is the value of 13 + (-11 - -11) - 5?
8
What is 6 + -1 + -2 + -7 + 5?
1
Calculate 0 + -4 - (10 - 17).
3
What is the value of (9 - 11) + 8 + -6?
0
0 - (4 + -4 + 0)
0
Calculate -5 + 7 + 4 - 3.
3
(1 - 13) + 6 + 3
-3
What is the value of -2 + 0 + (-1 - 6) + 12?
3
What is (-5 - -13) + -8 - (-4 + 1)?
3
What is 4 + -3 + -4 + 2 + 1?
0
(-3 - 1) + 0 + 4
0
What is (1 - -3) + -3 + 2?
3
What is 3 - ((-19 - -21) + (1 - 3))?
3
Calculate 0 - (-3 + 2) - (-13 - -13).
1
What is 3 + 3 + 20 + -19 + 2?
9
What is the value of -1 + 7 - (8 - (-5 - -13))?
6
Calculate (-9 - -1) + (1 - -2).
-5
Evaluate (9 - 9) + -3 + (-2 - -8).
3
Evaluate (14 - (14 + -5)) + -7.
-2
Eva